*c + 5. Let m(q) = 5*q. Let s(t) = -1 + 5 - 6*t - 3. Let a(o) = -5*m(o) - 4*s(o). Let v be a(2). Calculate d(v).
-7
Let q(m) = 4*m - 3. Let a(c) = -4*c + 3. Let b = -5 + -1. Let s(o) = b*a(o) - 7*q(o). Calculate s(-3).
15
Let z(x) = 42*x**3 - 28*x**2 + 5*x + 3. Let r(a) = 19*a**3 - 13*a**2 + 2*a + 1. Let n(p) = -9*r(p) + 4*z(p). Give n(3).
-27
Suppose 2*m + 2*a = -18, a + 20 - 81 = 4*m. Let r = -15 - m. Let f(j) = 10*j. Determine f(r).
-10
Suppose 35*g + 48 = -22. Let t(d) = -d + 2*d - 2*d + 5*d + 2. Let q(a) = a**2 - 5*a - 3. Let l(p) = 3*q(p) + 4*t(p). What is l(g)?
9
Let c(x) = 93*x**2 - 177*x**2 + 1 + x + 103*x**2. What is c(-1)?
19
Let u = -40 + 71. Let y = u - 26. Let g(k) = k**3 - 6*k**2 + 5*k + 1. Determine g(y).
1
Let k(l) be the third derivative of -l**9/60480 - l**8/6720 - l**7/2520 - l**6/180 - 13*l**5/20 + 44*l**2. Let j(o) be the third derivative of k(o). Give j(-3).
2
Let q(r) = 17*r + 25. Let z(n) = -9*n - 13. Let d(x) = -6*q(x) - 11*z(x). Calculate d(-8).
17
Let o(y) = -y - 7. Let u be 24/(-10)*90/36. What is o(u)?
-1
Let r(m) be the second derivative of -m**4/12 - m**3/2 - 7*m**2/2 + 83*m. Calculate r(-5).
-17
Let v(r) be the third derivative of -r**6/120 + 7*r**5/60 - r**4/3 + r**3 + 9*r**2 - 53*r. Let f = -9 - -15. What is v(f)?
-6
Let g(s) = s**3 + 6*s**2 - s - 8. Suppose -5*x = -x - 16. Suppose -3*v - 2*j - 8 = -0*j, v - x*j + 26 = 0. Give g(v).
-2
Suppose -3*t + 50 = -4. Let h(c) = -4*c + 74. Calculate h(t).
2
Let n = -51 + 52. Let x be -1 - 9/(3/2*n). Let d(v) = -v**3 - 8*v**2 - 8*v + 3. Calculate d(x).
10
Let g(w) = w**2 + 10*w + 14. Let p(r) = 4*r - 9. Let i be p(0). What is g(i)?
5
Suppose -11 + 158 = 7*i. Let x = -23 + i. Let o(d) = -3*d**2 - 3*d - 3. Give o(x).
-9
Let z(a) = 10*a**2 - 1. Let d(x) = -2*x**3 + 2*x**2. Suppose 6 = -12*k + 14*k. Let g be d(k). Let r be ((-4)/6)/(24/g). Give z(r).
9
Let k = -10 - -29. Let a = k - 16. Suppose -o = 2*f + a*o + 6, 5*o - 5 = 0. Let t(l) = l**2 + 5*l + 5. Calculate t(f).
5
Let f(y) be the first derivative of -3*y**2/2 - y - 217. Determine f(-4).
11
Let h(c) = -20 + 7*c - 16 + 10 - 6. Calculate h(5).
3
Let m(g) = 8*g**2 - g**3 + 1 + 0*g**2 - 20*g + 19*g - g**2. Let k = 17 - 10. What is m(k)?
-6
Let r(w) = -w**2 + 11*w - 3. Let t be r(10). Let i(u) = 4 + 5*u - t*u - 4 - u**2. Calculate i(2).
-8
Let u(l) be the second derivative of 3*l**5/2 + l**4/12 + l**3/3 + l**2/2 + 244*l. Calculate u(-1).
-30
Let v be 1*(-1)/(-1)*1. Let i(g) = 3*g + 3*g - 4 - v - g**2. Suppose -109*l + 323 + 222 = 0. Determine i(l).
0
Let u(g) = -g**3 + 7*g**2 - 6*g + 3. Let h(v) = -v**3 + 7*v**2 - 9*v - 3. Let l be h(3). Calculate u(l).
3
Let k(p) = 3*p - 20. Let d(v) = 3*v - 22. Let m(q) = -2*d(q) + 3*k(q). What is m(6)?
2
Let l(o) be the second derivative of -o**3/6 - 3*o**2 - 43*o. Calculate l(5).
-11
Let a be -3*(2 + 32/(-6)). Suppose -a = -6*b + 5*b. Suppose -4*m + b = -3*q - 3, -3*q + 2*m = 11. Let y(f) = -4*f - 1. Determine y(q).
11
Let k(z) = z**2 - 2. Let l be 35/14 - 1/2. Give k(l).
2
Let p(d) = 5*d**2 + 3*d - 2. Let k = 113 + -116. Calculate p(k).
34
Let k(m) = -16*m. Suppose 48*v + 3*c + 14 = 47*v, -3*c = 3*v + 18. Calculate k(v).
32
Let g be 0*(-3)/6 + 2. Let l(w) = -4*w + 6. Let y be l(g). Let m be y - (5 + -3)/(-2). Let z(a) = -3*a**3 - a**2 + a + 1. What is z(m)?
2
Let o(s) = s - 6. Let m(x) = -x**3 - 7*x**2 - 8*x - 12. Let k be m(-6). Suppose 7*n - 10*n - 18 = k. Give o(n).
-12
Let g(u) = u**2 - 5*u - 7. Let d be g(6). Let z(b) = 159*b**2 - 160*b**2 + 6*b**3 - 1 + 2. Determine z(d).
-6
Let g(o) = 3*o - 22. Let m(u) = u**3 + 53*u**2 + 4*u + 221. Let i be m(-53). Give g(i).
5
Let d(i) = -i - 2. Let a(p) = -16. Let f(r) = a(r) + 2*d(r). Calculate f(-9).
-2
Let p(g) = g + 0*g**3 - 1 - g**3 - 3*g**2 + 5*g**2. Suppose 16 = v + 3*z, 4*z + 1 - 33 = -4*v. Suppose v*u = 4*l + 2 - 22, 4*l + 4*u - 4 = 0. Calculate p(l).
-7
Let v(r) = -3 + 2 - 302*r**2 + 303*r**2 + r**3 + 2*r. Determine v(0).
-1
Let t(k) be the third derivative of k**5/120 + k**4/12 - 5*k**3/2 + 4*k**2. Let x(s) be the first derivative of t(s). Suppose -5 - 3 = 2*a. Give x(a).
-2
Let v(l) = -l**3 + 7*l**2 - 37. Let s be v(6). Let g = 0 + 2. Let a(t) = 3*t**2 - 3*t**2 + 1 + 2*t**2 + g*t. Calculate a(s).
1
Let r = -9 - -6. Let f be (2 + r + -3)/(-2). Let y be 3*(f/(-3))/(-1). Let w(p) = p**3 - 4*p**2 + 2*p - 1. What is w(y)?
-5
Suppose 12 = -4*h + 5*a + 3, 0 = a + 3. Let o(d) = d + 9. Let i be o(h). Let q(v) = -2*v**2 + 2. Determine q(i).
-16
Let i(s) be the second derivative of s**3/2 + 7*s**2/2 + 5*s + 26. Let m = 9 + -15. What is i(m)?
-11
Let m be 3/7 - (-135)/(-21). Let a(f) = 4*f**2 - 3*f + 3. Let h(n) = -n**2 + 1. Let b(o) = -a(o) - 5*h(o). Calculate b(m).
10
Let m(w) = -8*w + 8. Suppose -9 = -4*l + 3*x + 34, 5*l + x - 30 = 0. Calculate m(l).
-48
Let j(h) = h**3 - 7*h**2 - h + 9. Let o(n) = n - 1. Let k be o(8). Give j(k).
2
Let l(v) = -3*v + 1. Suppose 53*o - 51*o = 0. Suppose 9*n + 2*n + 11 = o. Determine l(n).
4
Let m(q) = 9. Let n(o) = -6*o - 35. Let z(j) = -6*m(j) - n(j). What is z(3)?
-1
Suppose 4*a + 62 = 6*a. Suppose -7*y = a + 4. Let d(t) = t**3 + 4*t**2 - 4*t - 5. What is d(y)?
-10
Let b(r) = 2*r. Let l(c) = -51*c + 145. Let d be l(3). Calculate b(d).
-16
Let w(d) = -19*d**3 + 5*d**2 + 3*d - 17. Let l(i) = 14*i**3 - 4*i**2 - 2*i + 17. Let k(a) = 4*l(a) + 3*w(a). Give k(0).
17
Let j(s) = -s**2 - s + 1. Suppose -4*g = -g - 15. Let i(n) = -2*n + 10. Let a be i(g). Determine j(a).
1
Let v(b) = -b**3 + 14*b**2 - 7. Suppose 5*q - 3*d - 73 = 0, 10*q = 12*q + 3*d - 25. Determine v(q).
-7
Let x(m) be the third derivative of m**5/60 + m**4/8 - 5*m**3/6 + m**2. Suppose -21 = -2*k - k. Suppose 3*r + 7 = -4*p - 22, 0 = p - 4*r - k. Calculate x(p).
5
Suppose 8 = 5*s - j - 6, 0 = -4*s - 4*j + 16. Let d(m) = -13 + 0*m - 4*m + 25 + s*m. Give d(0).
12
Let o(j) be the first derivative of 1/4*j**4 - 1/2*j**2 - j + 0*j**3 - 4. Suppose d = -2*d - 3. Give o(d).
-1
Let g(p) = 3*p + 3. Let l(h) = h**3 + 8*h**2 + 13*h - 4. Let z be l(-6). Determine g(z).
-27
Let n be 6/1 - 0/(-1) - 8. Let m(p) = -19*p + 1. Determine m(n).
39
Let j(d) be the third derivative of 0 + 0*d**4 + 1/60*d**5 - 8*d**2 + 0*d + 1/6*d**3. Calculate j(-1).
2
Let x(q) = 3*q**2 - 13*q + 7. Let u(h) = 4*h**2 - 19*h + 10. Let z(j) = 5*u(j) - 7*x(j). Let y be 4*(-3)/(-36)*(2 - (-120)/(-6)). Determine z(y).
-11
Suppose 8*b - 3*b + 70 = 0. Let u be (-682)/b - (-4)/14. Let l(k) = -49 + 2*k + u. Give l(1).
2
Let p(l) be the first derivative of -l**5/20 - 5*l**4/12 - l**3/2 - 3*l**2/2 - 7*l - 2. Let g(b) be the first derivative of p(b). Calculate g(-4).
-7
Let r(l) = -11*l**2 + 3*l - 2. Let o = 57 + -56. What is r(o)?
-10
Let l(g) = -2 + 2 + 16*g - 24*g - 5*g**2 - 1 + 4*g**2. What is l(-11)?
-34
Let r be -5*((-16)/10 - -1). Let w be (-15)/(-6) - (-9)/6. Let q(o) = -2*o**3 + 4 + 0*o**3 - o + w*o**2 + 0*o**3. What is q(r)?
-17
Let h(x) = 3*x**2 - 4*x + 2. Let v be h(2). Suppose -8*w = -v*w + 20. Let c be 4/10 - (-4)/w. Let u(f) = -f**3 + f**2 + f - 5. What is u(c)?
-5
Let l(k) = -11*k + 6 + 6 - 2*k**2 - 3 + k**3 - 7*k**2. Suppose 0 = -2*a + 6*a - 40. What is l(a)?
-1
Let i(o) = -o**2 - 4*o + 5. Let m be i(-4). Let x(l) be the third derivative of -l**4/12 - l**3/3 - 4*l**2. Calculate x(m).
-12
Let k(p) be the first derivative of -p**3 + 16 - 1/4*p**4 + 6*p + 2*p**2. Give k(-4).
6
Let t be 6 + 1 + -5 - -1. Let w(s) = 11*s**3 - 10*s**t + s**2 + 0*s**3 + 7. Let k(x) = -x**2 - 3*x - 2. Let v be k(-2). Determine w(v).
7
Let b(n) = 3*n - 4. Let s be b(2). Let o be (12/18)/(s/(-9)). Let k(w) = -3*w - 3. What is k(o)?
6
Suppose 5*a = -25, -a - 36 = -5*t + 19. Let l(f) = -3*f + 19. Determine l(t).
-11
Let h = 160 + -46. Let i = h - 118. Let s(o) = -o**3 - 5*o**2 + o + 5. Give s(i).
-15
Let w be -1*(-2)/4*0. Suppose w = -u + 6*u - 10. Let c = u - 4. Let r(p) = -p**3 - 2*p**2 + 2*p + 3. Give r(c).
-1
Let u(j) = j**2 - j + 4. Let m(q) = -q**3 + 2*q**2 - 3*q - 2. Let x be m(3). Let k = x + 20. Suppose 2*w - 4*w = k. What is u(w)?
4
Let t(q) be the second derivative of q**5/10 + q**4/3 - q**3/6 - 3*q**2/2 - 16*q. Determine t(-3).
-18
Let w(b) = -4*b**3 + 4*b**2 - 6*b + 7. Let y(h) be the second derivative of h**5/20 - h**4/12 + h**3/6 - 15*h. Let a(m) = w(m) + 5*y(m). What is a(0)?
7
Let q(o) = -o